eatest common divisor of 150 and 7050?
150
Calculate the greatest common factor of 27 and 2043.
9
What is the greatest common factor of 42 and 210?
42
What is the highest common divisor of 832 and 13?
13
Calculate the highest common factor of 606 and 6.
6
What is the highest common divisor of 27 and 17037?
27
What is the greatest common divisor of 4060 and 84?
28
What is the highest common factor of 22 and 7?
1
Calculate the highest common factor of 986 and 58.
58
Calculate the highest common factor of 4285 and 25.
5
What is the highest common factor of 160 and 512?
32
Calculate the highest common divisor of 8170 and 190.
190
What is the highest common divisor of 32 and 7840?
32
Calculate the greatest common factor of 96 and 57.
3
Calculate the highest common divisor of 91 and 25753.
91
What is the greatest common factor of 3690 and 12?
6
Calculate the highest common factor of 4544 and 71.
71
What is the highest common divisor of 48 and 6?
6
Calculate the greatest common factor of 450 and 24.
6
Calculate the highest common factor of 90 and 2890.
10
What is the highest common factor of 63 and 504?
63
Calculate the greatest common factor of 81 and 999.
27
Calculate the greatest common factor of 1740 and 24.
12
What is the greatest common factor of 39 and 1131?
39
What is the greatest common divisor of 535 and 3317?
107
Calculate the highest common factor of 7576 and 8.
8
What is the greatest common divisor of 510 and 10880?
170
Calculate the highest common factor of 88 and 11.
11
Calculate the highest common divisor of 188 and 4.
4
What is the greatest common factor of 63994 and 98?
98
What is the greatest common divisor of 7 and 4?
1
What is the highest common factor of 108 and 276?
12
What is the greatest common factor of 13408 and 32?
32
What is the highest common divisor of 208 and 464?
16
Calculate the greatest common factor of 75 and 825.
75
What is the highest common divisor of 99 and 36?
9
Calculate the greatest common factor of 42 and 217.
7
Calculate the highest common divisor of 78 and 1391.
13
Calculate the greatest common divisor of 108 and 324.
108
Calculate the highest common factor of 128 and 472.
8
Calculate the highest common divisor of 528 and 64.
16
What is the highest common divisor of 238 and 182?
14
What is the highest common factor of 11 and 583?
11
What is the highest common divisor of 17 and 187?
17
What is the greatest common factor of 88 and 1364?
44
What is the highest common divisor of 96 and 186?
6
Calculate the greatest common factor of 7 and 511.
7
Calculate the highest common divisor of 1763 and 164.
41
What is the greatest common factor of 29 and 2813?
29
Calculate the highest common divisor of 30 and 2565.
15
What is the highest common divisor of 253 and 575?
23
Calculate the highest common divisor of 725 and 29.
29
Calculate the greatest common divisor of 477 and 729.
9
Calculate the highest common factor of 1816 and 40.
8
What is the greatest common factor of 540 and 60?
60
Calculate the greatest common factor of 7 and 3227.
7
What is the highest common divisor of 833 and 49?
49
Calculate the highest common divisor of 33 and 48.
3
What is the greatest common divisor of 264 and 968?
88
What is the greatest common factor of 264 and 120?
24
Calculate the highest common divisor of 754 and 87.
29
Calculate the greatest common divisor of 32 and 2344.
8
Calculate the highest common divisor of 165 and 429.
33
What is the highest common factor of 184 and 400?
8
Calculate the highest common divisor of 2128 and 1292.
76
What is the greatest common factor of 629 and 37?
37
Calculate the highest common factor of 70 and 805.
35
Calculate the highest common factor of 5439 and 147.
147
What is the highest common divisor of 10 and 12?
2
What is the highest common factor of 32 and 1528?
8
Calculate the highest common factor of 90 and 70.
10
What is the greatest common factor of 156 and 4920?
12
Calculate the greatest common factor of 116 and 638.
58
Calculate the greatest common divisor of 11004 and 4.
4
Calculate the highest common divisor of 32 and 608.
32
What is the highest common divisor of 36 and 11862?
18
What is the greatest common divisor of 466 and 2?
2
Calculate the greatest common divisor of 122 and 5917.
61
What is the highest common factor of 6544 and 16?
16
Calculate the greatest common divisor of 15 and 6.
3
Calculate the highest common factor of 160 and 280.
40
What is the greatest common divisor of 270 and 81?
27
What is the highest common factor of 8 and 276?
4
Calculate the greatest common factor of 627 and 495.
33
What is the highest common factor of 4059 and 164?
41
Calculate the highest common divisor of 551 and 203.
29
Calculate the highest common divisor of 200 and 80.
40
What is the highest common factor of 66 and 66?
66
Calculate the greatest common factor of 13 and 52.
13
Calculate the greatest common divisor of 68 and 8704.
68
What is the greatest common divisor of 88 and 24?
8
What is the greatest common divisor of 64 and 1068?
4
Calculate the greatest common divisor of 240 and 32.
16
Calculate the highest common factor of 4251 and 273.
39
What is the greatest common divisor of 6 and 6?
6
Calculate the greatest common factor of 36 and 540.
36
Calculate the highest common divisor of 50 and 125.
25
What is the highest common divisor of 561 and 99?
33
What is the greatest common divisor of 24940 and 116?
116
Calculate the highest common factor of 490 and 1080.
10
Calculate the highest common factor of 110 and 77.
11
Calculate the highest common divisor of 110 and 3146.
22
Calculate the highest common divisor of 2476 and 2.
2
What is the greatest common factor of 11 and 9119?
11
What is the greatest common factor of 5 and 8250?
5
Calculate the greatest common factor of 180 and 750.
30
What is the highest common factor of 200 and 5500?
100
What is the highest common factor of 138 and 7314?
138
What is the highest common divisor of 96 and 13632?
96
What is the greatest common divisor of 15 and 2445?
15
Calculate the greatest common factor of 27 and 423.
9
What is the greatest common factor of 5558 and 14?
14
Calculate the greatest common factor of 22 and 869.
11
Calculate the greatest common divisor of 189 and 1407.
21
What is the highest common factor of 59 and 25901?
59
What is the highest common factor of 3629 and 95?
19
What is the highest common divisor of 96 and 3680?
32
Calculate the greatest common factor of 3 and 48.
3
What is the highest common divisor of 4 and 152?
4
Calculate the highest common factor of 186 and 12.
6
Calculate the highest common factor of 685 and 15.
5
Calculate the highest common divisor of 8 and 472.
8
What is the greatest common divisor of 835 and 501?
167
Calculate the highest common divisor of 123 and 1107.
123
What is the highest common factor of 492 and 9020?
164
What is the highest common divisor of 1513 and 1157?
89
Calculate the highest common divisor of 33 and 11.
11
Calculate the greatest common divisor of 335 and 330.
5
What is the greatest common factor of 220 and 60?
20
Calculate the highest common divisor of 4064 and 2286.
254
Calculate the highest common divisor of 54 and 192.
6
What is the highest common divisor of 861 and 210?
21
Calculate the greatest common divisor of 212 and 2597.
53
What is the highest common factor of 17 and 12512?
17
What is the greatest common factor of 190 and 110?
10
Calculate the highest common divisor of 29 and 1.
1
What is the highest common factor of 2990 and 845?
65
What is the greatest common factor of 1628 and 176?
44
What is the greatest common factor of 55 and 33?
11
What is the greatest common divisor of 357 and 46053?
357
What is the highest common factor of 13 and 117?
13
Calculate the highest common divisor of 11 and 44.
11
What is the greatest common divisor of 29828 and 4?
4
Calculate the greatest common factor of 117 and 2223.
117
Calculate the greatest common factor of 9 and 387.
9
Calculate the greatest common factor of 38 and 171.
19
Calculate the highest common factor of 25536 and 8.
8
Calculate the highest common divisor of 132 and 308.
44
Calculate the highest common factor of 20408 and 8.
8
What is the highest common factor of 18 and 28?
2
What is the greatest common divisor of 54 and 243?
27
What is 